 + 2*l. Let u be f(-2). What is the remainder when 695/11 - u/(-44) is divided by 13?
11
Suppose -2224 - 1999 = -41*r. What is the remainder when r is divided by 74?
29
Let d = -81 + 45. Let j = d - -62. Calculate the remainder when 74 is divided by j.
22
What is the remainder when (-160)/(-85) + -2 - 5289/(-17) is divided by 79?
74
Let v(i) = -44*i - 79. What is the remainder when v(-3) is divided by 22?
9
Suppose -y + 21 = -m + 2*m, 55 = 3*y + m. Let u = y + -2. What is the remainder when 43 is divided by u?
13
Suppose -3*h + 33 = 2*j, 2*j + 3 - 1 = 4*h. What is the remainder when (12/8)/(1/22) is divided by j?
6
Let k be 4/(-6) + 148/6. Let c = 45 - k. Calculate the remainder when c is divided by 1*((-7)/(-1) - -1).
5
Let j = -89 - -161. Suppose -48 = -2*i + 2*x, -2*x + 0*x + 52 = 3*i. What is the remainder when j is divided by i?
12
Let y be (31/(-3))/(5/120*-2). Let k = y + -78. Calculate the remainder when 135 is divided by k.
43
Let l = -54 - -58. Suppose 3*b - 3 = 2*b - 2*f, -l*b = -4*f - 12. Suppose 2*g - 10 = -3*g. What is the remainder when b is divided by g?
1
Let y = -7 - -11. Suppose y*s - 59 = 21. Suppose -15*o + s*o = 40. Calculate the remainder when 21 is divided by o.
5
Let x(s) = -4*s + 87. Calculate the remainder when 28 is divided by x(21).
1
Let y = 136 - 65. Suppose y - 66 = 5*v. Calculate the remainder when 7 is divided by v.
0
Let n = 353 - 345. Calculate the remainder when 110 is divided by n.
6
Let h be ((-3)/2)/(2/(-96)*2). Let u = -23 + h. Calculate the remainder when u is divided by 5.
3
Let v(d) = -5*d - 1. Let z be v(-1). Suppose g - 45 = -z*s, -22 = -5*g + 3. Suppose 0 = -2*m + 19 + 15. What is the remainder when m is divided by s?
7
Let v(w) = 2*w**2 - 4*w + 2. Let j be v(2). Suppose 5 + 31 = j*y. What is the remainder when 69 is divided by y?
15
What is the remainder when 3 + 537/6 + (-37)/(-74) is divided by 18?
3
Calculate the remainder when (-3)/(27/(-981)) - -12 is divided by 21.
16
What is the remainder when (-1000)/(-12) + -1 + (-8)/6 is divided by 28?
25
Suppose -4*b - 20 = -h, -12*h - 5*b - 7 = -11*h. What is the remainder when (-116)/(-10) - (-2)/5 is divided by h?
4
Suppose 0 = 7*a - 4*a. Suppose -8*c + 6*c + 28 = a. What is the remainder when 54 is divided by c?
12
Let x(v) be the first derivative of 15*v**2/2 + 7. Let n be x(1). Calculate the remainder when 62 is divided by ((-8)/4 - -3) + n.
14
Let d be (-2)/3 + 140/(-6). Let r = 47 + d. Suppose 11*n - 7*n - 38 = 2*c, n + 5*c + 29 = 0. Calculate the remainder when r is divided by n.
5
Calculate the remainder when 31 is divided by (-8)/(-20)*(42 - -3).
13
Let t = -13 - -25. Suppose -6*u = 4*s - u - 91, -4*s + 82 = 2*u. Suppose v - t = s. Calculate the remainder when 60 is divided by v.
29
Let z(c) = -c**3 + 16*c**2 + 36*c + 20. Let i be z(18). What is the remainder when 10 is divided by (-8)/(-1) + i/(-5)?
2
What is the remainder when 90 is divided by (128/8 + 14)/(2 - 0)?
0
Suppose -c + 3*j = -32, -31 = -4*c - 5*j + 182. Calculate the remainder when c is divided by 25.
22
Let f(l) = l**3 - 10*l**2 - l + 1. Let c be f(10). Let z = 40 + c. What is the remainder when z is divided by 16?
15
Suppose 199 = -4*b - 113. Let t be (2/(-6))/((-2)/b). Let s = 2 - t. Calculate the remainder when 27 is divided by s.
12
Suppose 4*m - 3*m - 35 = 0. Suppose -18*f = -40 - 104. What is the remainder when m is divided by f?
3
Suppose -2*n = -2*k + 2, -n = -3*n - 5*k + 19. Let a(u) = 3*u**2 - 2. Let b = 14 + 25. What is the remainder when b is divided by a(n)?
9
Suppose -12 = -7*n + 4*n. Let d(s) = 3*s**2 - s - 2. Let g be d(n). Let k = -31 + g. What is the remainder when 30 is divided by k?
8
Suppose 109*t - 84*t = 275. What is the remainder when 117 is divided by t?
7
Let b be (-1 - 0)/((-3)/186). Suppose 19*l = 20*l - b. Calculate the remainder when l is divided by 21.
20
Let b(s) = s**3 + 10*s**2 + 7*s - 16. Calculate the remainder when b(-7) is divided by 29.
24
Suppose 5*q = -5, 2*v + 37 = 4*v + 3*q. Let p be (0 - -3) + -3 + -64. Let o = p - -99. Calculate the remainder when o is divided by v.
15
Let s(b) = -79*b - 55. What is the remainder when s(-5) is divided by 49?
46
Let n = 8 + -1. Suppose 3*q = -3*r + n*r + 2, q - 1 = r. Let x = 10 + q. Calculate the remainder when x is divided by 7.
5
Let n = 538 - 458. What is the remainder when 311 is divided by n?
71
Let o(r) = 166*r - 217. What is the remainder when o(15) is divided by 65?
63
Suppose -3*l = 5*u - 2*u - 18, 5*u - 2*l = 44. Suppose 30*c + u = 31*c. Calculate the remainder when 86 is divided by c.
6
Let k(a) = 13*a - 5. Suppose -114 = -3*s + 126. Calculate the remainder when s is divided by k(2).
17
Let u be (-2)/(-9) + 244/36. Let i be (2 + 44)/2 - 1. Let f = i - u. What is the remainder when f is divided by 9?
6
Let g be 2/(-6)*-2*15. Let h = -5 + 9. Let w = g - h. What is the remainder when 22 is divided by w?
4
Calculate the remainder when 84 is divided by (20 - 0) + (2 - (-5 + 10)).
16
Suppose 3*q - 702 = 3*p - p, -4*q + 938 = -2*p. Let u(g) = 17*g**3 + 3*g + 1. Let i be u(-2). Let s = i + q. Calculate the remainder when s is divided by 24.
23
Suppose 0 = 2*j + v - 57, -141*j + 144*j = -2*v + 83. Suppose -5*t + 162 + 293 = 0. Calculate the remainder when t is divided by j.
29
Suppose 5*p - 68 = p. Let n(y) be the first derivative of -y**3/3 - 15*y**2/2 + 30*y - 12. Calculate the remainder when n(-15) is divided by p.
13
Let m(j) = 3*j**3 + 3*j - 2. Calculate the remainder when 15 is divided by m(1).
3
Suppose -5*j = b + 29, 2*b + 28 = -5*j - 5. Let v be 26/(1 - (-2 - -4)). What is the remainder when 45 is divided by (v - -2)*b/8?
9
Suppose -4*q = -2*d + 140, 5*q = 8*q + 12. What is the remainder when 245 is divided by d?
59
Let p be (8 + -10)*(-1 - -2). Let c = -55 - -92. What is the remainder when (-7)/(7/(-74)) + p is divided by c?
35
Let k be 5/(-2 - (2 - 3)). What is the remainder when 29 is divided by (-3)/k - 576/(-40)?
14
Let x = 1 + 3. Let z = x + 29. Calculate the remainder when z is divided by (5 - 3)/(-2)*-17.
16
Suppose 4*p = -10 + 6. What is the remainder when 20 is divided by p + 9 - 22/11?
2
Suppose 2*q = q. Suppose q = 6*t - 2*t - 228. What is the remainder when t is divided by (36/(-14))/((-12)/56)?
9
Suppose p + 9 = r, 2*r + 6*p - 18 = 4*p. Suppose -5*i = -31 - 34. Calculate the remainder when (-12)/r*(-57)/2 is divided by i.
12
Let r(k) = k**2 + 4*k + 5. Suppose 0 = g + 5*w - 6*w - 8, 0 = -g + 5*w - 12. What is the remainder when g is divided by r(-4)?
3
Let a(g) = g**2 + 2*g + 4. Suppose b - 2*b + 4 = 0. Suppose 8 = -3*w - 0*w - 2*i, 0 = 4*w + 4*i + b. What is the remainder when 53 is divided by a(w)?
25
Let x(s) = s**2 - 3*s - 13. Let b = -9 + 12. Suppose 3*v = -2*o - 18, -2*v + 27 = -b*o - 6*v. What is the remainder when x(o) is divided by 24?
23
Let z = -200 - -204. Calculate the remainder when 27 is divided by z.
3
Suppose 5*t = -10, 0 = h + 4*t - 43 - 69. Suppose -h = 9*j - 21*j. What is the remainder when j is divided by 1?
0
Let z(x) = 9*x + 2 + 4 - 3 + x. What is the remainder when z(4) is divided by 604/28 + 1 - (-32)/(-56)?
21
Let f(a) = -2*a + 49. Let c = -92 - -98. What is the remainder when f(c) is divided by 22?
15
Let l(j) = j**3 - 7*j**2 + 7*j - 8. Let i be l(5). Let d = -13 - i. What is the remainder when 29 is divided by d?
9
Suppose -3*w + 490 = 4*z - 26, 0 = -z + 2*w + 129. Calculate the remainder when z is divided by 50.
29
Suppose 0 = 2*a + 3*w, -a - 4*a = -2*w. Suppose m + 4*q - 20 = a, -4*q + 2*q = 2*m - 28. What is the remainder when m is divided by 9?
3
Let d(v) = -v**3 + 8*v**2 - 2*v - 32. Let y(a) = 11*a**3 + a**2. Let t(l) = l - 2. Let h be t(3). What is the remainder when d(5) is divided by y(h)?
9
Let d(k) = k**3 - 8*k**2 + 11*k - 8. Let g be d(7). Let s be (-156)/g - (-1)/(-5). Let t = s + 15. Calculate the remainder when 19 is divided by t.
5
Suppose -3*w = -4*s + 1, -1 - 9 = 5*s. Let m = 1 - w. Suppose -5*y + 2*r + 70 = -2*y, 5*y - m*r - 118 = 0. What is the remainder when 65 is divided by y?
21
Let c = 969 - 843. Calculate the remainder when c is divided by 22.
16
Let j = 14 - 47. Let m = -36 + 68. What is the remainder when m is divided by (j/9)/(3/(-9))?
10
What is the remainder when 309 is divided by 1*(4/30 + 1158/90)?
10
Let l(m) = -